). Suppose 3*a - 23 = z. Suppose p - a = -5*p. List the prime factors of p.
2, 5
Let v be (-1330)/(-21) - 1/3*1. What are the prime factors of (-4 + (-204)/(-42))*v?
2, 3
Suppose -3*z - 18689 = -4*m, 0 = -m + 4*z + 5722 - 1053. List the prime factors of m.
4673
Suppose 0 = -m - 5, 6792 + 13358 = 5*l - 4*m. What are the prime factors of l?
2, 3, 11, 61
Let y = -26 + 33. Let k be ((-7)/2)/y*0. List the prime factors of (-1 + k)/((-3)/((-96)/(-1))).
2
Suppose -5262 + 14096 = 2*m. List the prime factors of 3 - -4*m/28.
2, 317
Let q be (-433)/(-1) + (15 - 9). List the prime factors of 4/1 + 1 + q.
2, 3, 37
Let j(u) = 378*u - 61. Let x be j(3). Let a = x + -760. List the prime factors of a.
313
List the prime factors of (509304/16)/((-27)/(-18)).
21221
Let q = 49 - 95. Let v = -45 - q. What are the prime factors of v - -22 - (-12)/(-12)?
2, 11
Suppose w + 5 = 45. Suppose 3*t = -4*i + 30, 0*t = 4*t + 3*i - w. What are the prime factors of 1412/t + (-1)/5?
3, 47
Suppose -x - 3*i + 32679 = 0, 0 = 5*x - 14*i + 12*i - 163412. List the prime factors of x.
2, 3, 13, 419
Suppose -2*l - 72 = -2*b, -3*b = l - 111 - 13. Let p be 1/(-8) - (-5)/b. Suppose -21*w + 23*w - 84 = p. What are the prime factors of w?
2, 3, 7
Let d(a) = 5*a**2 + 2*a - 126. Let l be d(-16). Suppose 10*o = 12*o - f - 747, -3*o + l = -3*f. What are the prime factors of o?
373
Let t be -2*((-165)/10)/(-11). List the prime factors of (1 - (-49)/(-3))/(t/18).
2, 23
Let d = -25698 + 36552. What are the prime factors of d?
2, 3, 67
Let f(g) = -g + 49. Let m be f(0). Let c(q) = q**3 - 2*q**2 - 20*q + 57. Let j be c(7). Let i = j - m. What are the prime factors of i?
113
Let u be 2 - (0 + (-28)/7). List the prime factors of (-9)/u*(-1006 - 14).
2, 3, 5, 17
Suppose -3*t = 3*r + r - 26, r + 1 = 3*t. Suppose -r*p = 2892 - 172. List the prime factors of (-2)/3 - p/24.
2, 11
Let o(r) = -25*r**3 - 5*r**2 + 13*r - 28. List the prime factors of o(-7).
3, 7, 17, 23
Suppose 2*n = 5*m - 4, 2*n + 5*m + 26 = -18. Let x be ((-400)/n)/5*(-6)/(-5). What are the prime factors of (-20)/x*292/(-5)?
2, 73
Suppose -4*j = 4*f - 172956, 0 = 5*f + 117*j - 122*j - 216285. What are the prime factors of f?
2, 3, 17, 53
Let i = 93782 - 34941. What are the prime factors of i?
29, 2029
Let c(k) be the first derivative of 65*k**2 - 8*k + 15. Let x be c(2). Suppose 6*z - x = 3*z. List the prime factors of z.
2, 3, 7
Let k(t) = 22*t**2 - 9*t + 288. List the prime factors of k(11).
2851
Suppose -81 = -5*h - 391. What are the prime factors of 0 - (h/8)/(12/336)?
7, 31
Let r be -2 + (3 - 8 - -7). Suppose v - 1113 + 86 = r. What are the prime factors of v?
13, 79
Let x(l) = -65*l - 187. Let c be x(-5). What are the prime factors of 1/(c/(-18860)*4/(-18))?
3, 5, 41
Suppose 5*d = -3*j + 4*j - 2032, 6064 = 3*j + d. Let f = j - 1419. List the prime factors of f.
3, 67
Let x = -1054 + 1542. Suppose 5*g - x - 317 = 0. Let o = g - -72. List the prime factors of o.
233
Let c(z) = 6934*z - 843. List the prime factors of c(7).
5, 9539
Let f(p) = -41*p - 124. Let x be f(31). Let r = x - -2849. What are the prime factors of r?
2, 727
Let i(z) = -z**2 - 31*z + 982. Let y be -3 - (0 + 2)*(-24)/16. What are the prime factors of i(y)?
2, 491
Suppose -4*f + 7*t + 172662 = 0, 4919 = -5*f - t + 220805. What are the prime factors of f?
2, 3, 7, 257
Let o(i) = 2*i**3 - 22*i**2 + 14*i - 5. Let q be o(11). Let l = q + -95. List the prime factors of l.
2, 3
Let x(t) = -10*t**2 - 11*t - 11. Let h be x(-1). Let p = 551 - h. List the prime factors of p.
3, 11, 17
Suppose -3*v + 9275 = 271*j - 270*j, j + 4*v = 9276. What are the prime factors of j?
2, 19, 61
Let g(y) be the second derivative of y**4/12 + 5*y**3/6 + 27*y**2/2 - 10*y. List the prime factors of g(-6).
3, 11
Let o = -6395 - -6416. What are the prime factors of o?
3, 7
Let k = 177 - 212. Let i = k - -414. List the prime factors of i.
379
Let b(q) = q**3 - 34*q**2 - 17*q - 33. Let g be b(37). Suppose 3*a - g = -589. What are the prime factors of a?
2, 7, 17
Let l(m) = 102 - 36 + 17*m + 43. List the prime factors of l(20).
449
Let j = 118 - 44. Suppose 194 = 6*c + j. Suppose 2*h - c = 28. List the prime factors of h.
2, 3
Let q = 939 + 10708. What are the prime factors of q?
19, 613
Let s(g) = -g**2 + g + 59. Let c be s(0). Suppose 4*a - w - 8 = a, w - 7 = -2*a. Suppose 4*j - c = a*j. List the prime factors of j.
59
Let d be (135/21)/1 - (-8)/14. Suppose j = 2*z - 1346, 4*z - d*j - 2686 = -2*j. List the prime factors of z.
2, 337
Let p = -130645 + 211538. What are the prime factors of p?
41, 1973
Let r(z) = 17*z**3 + 10*z**2 - 661*z - 2. List the prime factors of r(16).
2, 3, 7, 163
Let y = -311 - -324. Let r(n) = -13*n**2 + 199*n - 12. What are the prime factors of r(y)?
2, 3, 7
Let x = 19335 + 531. What are the prime factors of x?
2, 3, 7, 11, 43
Suppose -z + 140 + 13 = 0. Let o = z + -95. List the prime factors of o.
2, 29
Let c(s) = -38*s**2 - 3*s + 8. Let o(r) = r**2 + r - 1. Let i(l) = c(l) + 3*o(l). Let u be i(-4). List the prime factors of (7/(35/u))/(-1).
3, 37
Suppose -4482161 = -524*i + 15210807. List the prime factors of i.
2, 19, 23, 43
Suppose 3*q = 5*h - 10, -4*q + 8 = 5*h - 2. Suppose 0*a + 3*a - 1470 = q. What are the prime factors of a?
2, 5, 7
Let a be -5 + 8 - (0 - 0). Suppose s - 227 = -t, 0 = -5*t - 3*s - 33 + 1158. What are the prime factors of t*(33/9 - a)?
2, 37
Let b = -2 - -20. Let z(q) = q**3 - 14*q**2 - 24*q + 9. Let c be z(16). Let g = b + c. List the prime factors of g.
5, 31
Let h be (6 + 6)/4 - -1. Suppose l - 5*u - 88 = 332, -5*l - h*u + 2216 = 0. What are the prime factors of l?
2, 5, 11
Let o(j) = -2*j**2 + j + 5. Let f be o(0). Suppose -3*a + f*a = 90. Suppose -55 - a = -2*k. What are the prime factors of k?
2, 5
Let d be ((-26)/52)/((-1)/(-2)). Let n be d/(-1 - (-4 - -2)). What are the prime factors of 12*(25/15 + n)?
2
Let b(y) = y**2 - 12*y - 28. Suppose -12*g = -17*g - 15. What are the prime factors of b(g)?
17
Let a be 3/(-1) + 30 - (-2)/1. Suppose -a + 10 = -4*q - f, 4*q - 22 = -2*f. Suppose 7*s = q*s + 90. What are the prime factors of s?
2, 3, 5
Suppose 0 = -3*a + 13 + 254. Suppose 53*r + 1564 = -609. Let t = r + a. List the prime factors of t.
2, 3
Suppose 2*w - 677 = -y, -4*w + 1339 = 3*y - 6*y. Suppose -3*c + c + 680 = -5*j, -c = -j - w. Suppose 0 = 4*q - c - 277. List the prime factors of q.
3, 17
Let n(g) = 486*g**2 - 137*g - 532. What are the prime factors of n(-4)?
2, 487
Let v = -81 - -82. Let z(q) = 398*q**3 - 2*q + 3. What are the prime factors of z(v)?
3, 7, 19
Let p = -28 - -30. Suppose 8 = b + 4*h, 3*b - 3*h = p*h + 7. Suppose -2*s - 2*s - 5*c = -391, 379 = b*s + c. List the prime factors of s.
2, 47
Let x(f) = 2*f**2 + 15*f - 15. Let d be 9/3 + 6/(-3)*6. Let g be x(d). List the prime factors of 181 - 6*(-8)/g.
5, 37
Suppose -4*p - 5 = -41. Suppose -3*f = 3*j - 306, -f + p = -5*j - 105. What are the prime factors of f?
2, 13
Suppose 7*s - 2*s - 1115 = 0. Let x = 10 - s. Let n = -145 - x. What are the prime factors of n?
2, 17
Suppose 32*h = -5*h - 64158. Let v = h - -2990. List the prime factors of v.
2, 157
Suppose 0*m - 2*m = -8. Suppose -11 = -m*q - 3. What are the prime factors of q + (30 - -3 - 3)?
2
Let u(c) = -4*c**2 - 67*c + 28. Let p be u(-28). Let s = p + 1932. What are the prime factors of s?
2, 5, 7
Suppose -5*m = -p - 21 + 94, -2*m = 2*p + 22. List the prime factors of ((-1)/5)/((-50)/(-15125))*m.
7, 11
Let i be (174/(-9))/(-2) + (-2)/3. Suppose -i*l + 34 = -7*l. Suppose -l*v = -22*v + 445. List the prime factors of v.
89
Suppose -c + 8*c = -700. Let z = 150 + c. What are the prime factors of z?
2, 5
Suppose -3*f + 73786 = 2*g, 136*f + 6*g = 141*f - 123014. What are the prime factors of f?
2, 7, 251
Let p = -132 - -134. Suppose -4*x + 1852 = 5*n, x - p*n = -n + 472. What are the prime factors of x?
2, 3, 13
Let f = 4485 + -3095. Suppose 2*p - 4*u - 686 = 0, -4*p + f = -7*u + 5*u. What are the prime factors of p?
349
Let k be 21 + 1 - (8 + -1 + -3). Suppose 0 = 20*f - k*f - 784. List the prime factors of f.
2, 7
Let l(p) = -3*p**2 - 44*p - 12. Let a(j) = -4*j**2 - 45*j - 12. Let k(r) = 4*a(r) - 5*l(r). List the prime factors of k(26).
2, 47
Let v(z) = -3598*z - 4885. What are the prime factors of v(-2)?
2311
Let l(f) = 323*f -